30011967571 a prime number?
False
Is 12439301737 prime?
False
Is 9810418981 composite?
True
Is 1015511987 a composite number?
True
Is 6982964843 composite?
True
Is 12756668437 prime?
False
Is 103748378197 prime?
False
Is 919784815 a prime number?
False
Is 17149335373 a prime number?
False
Is 45425144587 a prime number?
False
Is 2930230913 a prime number?
False
Is 977857637 a prime number?
True
Is 686312351 a composite number?
False
Is 3747201797 a prime number?
False
Is 15808889287 prime?
True
Is 2776960213 composite?
False
Is 11749042289 a composite number?
True
Is 3197527513 composite?
True
Is 1737573347 a prime number?
True
Is 7524808117 prime?
False
Is 1392653677 a prime number?
True
Is 10879140173 prime?
False
Is 13499107579 composite?
True
Is 45590897389 a prime number?
True
Is 17675908541 a prime number?
True
Is 2119524557 composite?
False
Is 3565936247 prime?
True
Is 11092255121 a prime number?
True
Is 36161007163 prime?
True
Is 7609765501 a composite number?
True
Is 1179014273 a prime number?
True
Is 10442604659 a composite number?
False
Is 9663046853 composite?
False
Is 24294555557 a prime number?
True
Is 310574599 a prime number?
False
Is 13425638987 prime?
True
Is 1320752029 a composite number?
True
Is 3117948151 composite?
False
Is 4201161463 a prime number?
False
Is 1145311247 composite?
False
Is 89229349139 composite?
True
Is 18061472099 prime?
False
Is 20074665181 a prime number?
True
Is 818966387 a composite number?
False
Is 18430925197 a composite number?
True
Is 2176972319 composite?
True
Is 23777311 a prime number?
True
Is 129385699727 a prime number?
True
Is 382225453 a prime number?
False
Is 46149329 prime?
True
Is 3225482561 a composite number?
True
Is 13028854323 a composite number?
True
Is 113015836313 a prime number?
False
Is 2415300661 a composite number?
True
Is 4494825029 a prime number?
True
Is 3858751219 a prime number?
True
Is 422577691 composite?
False
Is 889603265 composite?
True
Is 8042906171 a composite number?
True
Is 22510760065 a composite number?
True
Is 1963351217 composite?
False
Is 4342829117 a prime number?
False
Is 1992218351 a composite number?
False
Is 3495872431 a prime number?
True
Is 2308261727 composite?
True
Is 2283407367 composite?
True
Is 5644076861 composite?
False
Is 2050638221 a prime number?
True
Is 20927214521 a composite number?
False
Is 2680471 prime?
True
Is 7217201239 a prime number?
True
Is 20513708129 prime?
True
Is 17730231049 a prime number?
True
Is 1367547071 prime?
False
Is 626698967 prime?
True
Is 484123813 a composite number?
False
Is 521803657 composite?
True
Is 72647574607 composite?
True
Is 2617028269 composite?
False
Is 4950141613 a prime number?
True
Is 8007548177 prime?
False
Is 23305001917 prime?
False
Is 13558673101 a prime number?
True
Is 7172313919 composite?
False
Is 2622511487 a prime number?
True
Is 230860733 a composite number?
True
Is 1444446763 prime?
True
Is 507709198 a composite number?
True
Is 17623891 a prime number?
False
Is 659245373 prime?
False
Is 155256641 composite?
False
Is 44009043193 composite?
False
Is 45705884489 composite?
False
Is 257671079 prime?
False
Is 2454659915 a composite number?
True
Is 1911902719 composite?
False
Is 9365318399 composite?
True
Is 408337249 composite?
False
Is 14471763863 a composite number?
False
Is 1424912453 composite?
False
Is 21110437571 prime?
True
Is 45357971 a prime number?
True
Is 11921224607 a composite number?
True
Is 110329799 composite?
True
Is 463563319 a prime number?
True
Is 32187607813 a prime number?
True
Is 23179598683 a prime number?
True
Is 17004323459 prime?
False
Is 1878474079 a composite number?
False
Is 177534507361 a composite number?
True
Is 62988394123 a prime number?
True
Is 647854733 prime?
False
Is 4749467785 prime?
False
Is 58431140081 a prime number?
True
Is 22893301 a composite number?
False
Is 22301060609 composite?
True
Is 204390719503 composite?
False
Is 942817717 composite?
False
Is 8025558679 a composite number?
True
Is 2983163681 a composite number?
True
Is 17162244871 a composite number?
False
Is 116393973589 prime?
True
Is 6388254329 prime?
True
Is 11780160187 prime?
True
Is 20437964467 a prime number?
True
Is 2957730179 composite?
False
Is 14939208343 composite?
True
Is 16633682935 prime?
False
Is 26195307661 a composite number?
False
Is 10884732979 a composite number?
False
Is 9242532969 a composite number?
True
Is 553806469 prime?
True
Is 6772338581 a prime number?
True
Is 150606729206 a prime number?
False
Is 3905533189 a prime number?
False
Is 98205787149 a composite number?
True
Is 2984087251 composite?
True
Is 28314364621 prime?
True
Is 1350591259 a composite number?
False
Is 2982486853 a composite number?
False
Is 93427134023 a prime number?
True
Is 762031871 prime?
True
Is 321385829 a prime number?
True
Is 770272073 a prime number?
True
Is 1092037019 a composite number?
False
Is 3754189057 prime?
False
Is 83126284859 a composite number?
False
Is 2816794399 composite?
False
Is 2423089967 a prime number?
True
Is 94388719 composite?
False
Is 168480181 composite?
True
Is 14201958247 prime?
False
Is 880008523 a composite number?
False
Is 55173875723 a composite number?
False
Is 217579451 a prime number?
True
Is 30173240467 prime?
True
Is 302560711 a composite number?
False
Is 431236495 a prime number?
False
Is 115472456389 prime?
False
Is 7120890394 a prime number?
False
Is 5749364273 a composite number?
False
Is 4743060943 a composite number?
True
Is 1482395721 a prime number?
False
Is 6129406279 a prime number?
False
Is 219345673 prime?
False
Is 12114049 composite?
False
Is 270737167639 a composite number?
True
Is 34779517 a prime number?
True
Is 669651691 prime?
True
Is 1048998809 composite?
False
Is 2858977237 a composite number?
True
Is 3326575907 prime?
True
Is 48279055367 prime?
True
Is 6873434231 prime?
True
Is 2445055791 a composite number?
True
Is 1821222521 composite?
False
Is 30297959851 a composite number?
True
Is 8910751313 composite?
False
Is 126851077 a composite number?
True
Is 3636213442 a prime number?
False
Is 3611824207 composite?
False
Is 248602399 a composite number?
False
Is 3908907277 a composite number?
True
Is 4597128535 a composite number?
True
Is 27134771171 a prime number?
True
Is 1105094477 a composite number?
True
Is 24782278327 prime?
True
Is 607142654 prime?
False
Is 630899107 prime?
True
Is 4320880919 composite?
False
Is 302390857 prime?
True
Is 74569968367 a prime number?
True
Is 1107900439 prime?
False
Is 520615439 prime?
True
Is 5682621559 prime?
True
Is 588096490731 composite?
True
Is 140517226607 prime?
True
Is 10005825191 a prime number?
True
Is 532458866 prime?
False
Is 558348213 prime?
False
Is 273465029 a composite number?
False
Is 59890412431 prime?
False
Is 46430138857 composite?
False
Is 18587131229 a composite number?
True
Is 148189325009 prime?
False
Is 387809749 prime?
True
Is 517970021 a composite number?
True
Is 1507751497 prime?
False
Is 1883452663 composite?
False
Is 14247695807 prime?
True
Is 1821273053 composite?
True
Is 16313380621 composite?
True
Is 507261199 a prime number?
True
Is 56010759659 composite?
True
Is 8281233019 composite?
True
Is 1054895719 a composite number?
True
Is 791244203 prime?
False
Is 132278477 a composite number?
True
Is 5874903799 prime?
True
Is 1020604433 a prime number?
True
Is 9887412902 a composite number?
True
Is 3676497455 prime?
False
Is 413030148247 prime?
True
Is 967638797 composite?
True
Is 46617475291 a composite number?
False
Is 40645077959 a prime number?
False
Is 13034639437 a prime number?
False
Is 1834288954 prime?
False
Is 38447145101 composite?
False
Is 374216657 composite?
False
Is 7637910611 prime?
True
Is 49010434049 a composite number?
False
Is 1687900171 prime?
False
Is 18177567451 prime?
True
Is 1200198169 prime?
False
Is 3424803773 a prime number?
True
Is 2960443319 prime?
True
Is 327033858619 a prime number?
False
Is 57043026953 a composite number?
True
Is 7950587843 a composite number?
True
Is 3026032367 composite?
False
Is 11856020117 a composite number?
True
Is 1138198849 a composite number?
False
Is 33898865671 composite?
True
Is 1615952231 a prime number?
True
Is 40696117991 a prime number?
True
Is 210294280519 a composite number?
False
Is 56747344039 a com